{"id":40,"date":"2025-02-07T20:52:33","date_gmt":"2025-02-07T20:52:33","guid":{"rendered":"https:\/\/pharox.pl\/wp3\/services\/"},"modified":"2025-02-09T16:24:13","modified_gmt":"2025-02-09T16:24:13","slug":"services","status":"publish","type":"page","link":"https:\/\/pharox.pl\/wp3\/services\/","title":{"rendered":"Services"},"content":{"rendered":"\n\n\n<p><br><\/p>\n<p style=\"color: rgb(0, 41, 102);\">NASZA MISJA<\/p>\n<p><span <p=\"\" style=\"color: rgb(0, 41, 102);\"><span style=\"color:#002966;\">Nasz\u0105 misj\u0105 jest budowanie przewagi konkurencyjnej Twojej firmy w oparciu o kompetencje przyw\u00f3dztwa i kontroli operacyjnej naszych menad\u017cer\u00f3w, aby&nbsp;odnie\u015b\u0107 sukces w dynamicznym \u015brodowisku biznesowym. Zale\u017cy nam na pomaganiu naszym klientom w radzeniu sobie ze z\u0142o\u017conymi wyzwaniami, usprawnianiu&nbsp;operacji i zwi\u0119kszaniu wydajno\u015bci z pewno\u015bci\u0105 dzia\u0142ania i przejrzysto\u015bci\u0105 danych.<\/span> <\/span><\/p>\n<p><span style=\"color:#002966;\">Jako zaufany partner o\u015bwietlamy drog\u0119, kt\u00f3r\u0105 prowadzisz swoj\u0105 firm\u0119 i tam, gdzie jest to potrzebne, nadajemy tempo i poddajemy egzekucji. Przeprowadzimy Twoj\u0105 organizacj\u0119 przez wyzwania, zapewniaj\u0105c specjalistyczne us\u0142ugi w zakresie czasowego zarz\u0105dzania kontraktowego i kontroli operacyjnej, kt\u00f3re daj\u0105&nbsp;przejrzysto\u015b\u0107 danych i wprowadzaj\u0105 przewidywalno\u015b\u0107 rozwoju oraz trwa\u0142ego wzrostu.<\/span><p><\/p><\/p>\n<br>\n<p style=\"color: rgb(0, 41, 102);\">P H A R O X&nbsp; to<\/p>\n<span style=\"color:#002966;\"><u>Skuteczne przyw\u00f3dztwo operacyjne: <\/u>nasi mened\u017cerowie kontraktowi to do\u015bwiadczeni liderzy w skutecznym prowadzeniu organizacji r\u00f3wnie\u017c w trudnym okresie nowych wyzwa\u0144 i transformacji organizacji. <\/span>\n<span style=\"color:#002966;\"><u>Rozwi\u0105zania szyte na miar\u0119:<\/u> nie wierzymy w efektywne rozwi\u0105zania uniwersalne. Ka\u017cde zlecenie jest traktowane indywidualnie do Twoich potrzeb biznesowych, dzi\u0119ki czemu zyskujesz wiedz\u0119 i wsparcie tam, gdzie jest ono najbardziej potrzebne. <\/span>\n<span style=\"color:#002966;\"><u>Spojrzenie strategiczne<\/u>: \u0142\u0105czymy kontroling operacyjny z szerok\u0105 wiedz\u0105 z zakresu finans\u00f3w, oferuj\u0105c nie tylko zarz\u0105dzanie operacyjne, ale tak\u017ce podej\u015bcie strategiczne, kt\u00f3re pomaga przedsi\u0119biorstwom prosperowa\u0107 d\u0142ugofalowo. <\/span>\n<span style=\"color:#002966;\"><u>Zwinno\u015b\u0107 i zdecydowanie: <\/u>Gdy firm\u0119 niszcz\u0105 problemy czas jest kluczowy. Szybko wdra\u017camy naszych ekspert\u00f3w, aby zminimalizowa\u0107 ryzyko i zapewni\u0107 efektywne dzia\u0142anie organizacji.<\/span>\n<p><br><\/p>\n\n\n\n\n<h3>P H A R O X&nbsp;<\/h3>\n<h6><span style=\"font-weight: small \">wspiera Twoje wyzwania<\/span><\/h6>\n<h3>POSTAW NA NASZE WARTO\u015aCI<\/h3>\n<p>Postaw na nasze warto\u015bci : Zaufanie , Rentowno\u015b\u0107 i Nacisk na Rezultat<\/p>\n\nZAUFANIE\nRENTOWNO\u015a\u0106\nNACISK NA REZULTAT\n\n\n\n\n\n\n\n\n<p><span style=\"color:#002966;\">Zarz\u0105dzanie kontraktowe <\/span><\/p>\n<p><span style=\"color:#002966;\">Wychodz\u0105c naprzeciwko wyzwaniom Twojej organizacji, oferuje<span style=\"\"><\/span>my rozwi\u0105zania dostosowane do potrzeb w zakresie czasowego zarz\u0105dzania kontraktowego, aby wype\u0142ni\u0107&nbsp; krytyczne luki organizacyjne w prowadzeniu spraw firmy, zar\u00f3wno w przypadku potrzeb kr\u00f3tkoterminowych, jak i projekt\u00f3w d\u0142ugoterminowych. Od CEO, CSO oraz stanowisk&nbsp; \u015bredniego i wy\u017cszego szczebla operacyjnego po specjalistyczn\u0105 wiedz\u0119 z zakresu finans\u00f3w, operacji i strategii \u2013 nasi mened\u017cerowie wkraczaj\u0105 szybko i prowadz\u0105 pewnie, zapewniaj\u0105c stabilno\u015b\u0107 i dynamik\u0119, gdy Twoja firma tego najbardziej potrzebuje.<\/span><\/p>\n<br><h5><\/h5>\n<h5><\/h5>\n<p><span style=\"color:#002966;\">Us\u0142ugi Kontroli i Nadzoru&nbsp;<\/span><\/p>\n<p><span style=\"color:#002966;\">Nasze us\u0142ugi kontroli operacyjnej zapewni\u0105, \u017ce Twoja firma b\u0119dzie dzia\u0142a\u0107 prawid\u0142owo pod wzgl\u0119dem finansowym i operacyjnym. Pomagamy optymalizowa\u0107 wydajno\u015b\u0107 poprzez wdra\u017canie solidnych proces\u00f3w kontroli fin<span style=\"\"><\/span>ansowych, monitorowanie PPI i KPI oraz popraw\u0119 rentowno\u015bci biznesu z punktu widzenia koszt\u00f3w i optymalnej realizacji sprzeda\u017cy. Nasze podej\u015bcie jest proaktywne, oparte na danych i dostosowane do unikalnych potrzeb Twojej firmy. Gwarantujemy merytoryczn\u0105 wiedz\u0119 niezb\u0119dn\u0105 do podejmowania \u015bwiadomych decyzji i zwi\u0119kszania rentowno\u015bci firmy.<\/span><\/p>\n<h5><br><\/h5>\n<h5><br><\/h5>\n<h5><br><\/h5>\n<h5><br><\/h5>\n<h5><br><\/h5>\n<h5 style=\"color: rgb(0, 41, 102);\">PRYWATNI i KORPORACYJNI KLIENCI<\/h5>\n<h3>Monetyzuj wyzwania poprzez nasze&nbsp; umiej\u0119tno\u015bci i do\u015bwiadczenie<br><\/h3>\n\n\n\n\n\n\n\n\n\n\n\n\n\n\n\n\n\n<h5 style=\"color: rgb(0, 41, 102);\">NAPISZ DO NAS<\/h5>\n<h3 style=\"color: rgb(0, 41, 102);\">Pracujmy razem!<\/h3>\n\n\n\n\n\n\n\n\n\n\n<h5 style=\"color: rgb(0, 41, 102);\">PRIVATE &amp; CORPORATE CLIENT<\/h5>\n<h5><span style=\"color: rgb(0, 41, 102); font-family: &quot;IBM Plex Serif&quot;; font-size: 45px; font-weight: 500;\">&nbsp;P H A R O X&nbsp; kapitalizuje potrzeby Twojego biznesu<\/span><\/h5>\n\n\n\nCommunication is the KEY\nSTRONG drive\nROI &amp; VACC are kings\nOrganisational Changes\nModel Transformation\n\n\n\n\nC level\nSenior level\nCorporate order\nOrganisation lead\nCompany Transformation\n\n\n\n\nFinancial controling\nStrategy revision\nPnL \/ CS \/ KPI \/ PPI&nbsp;\nData Visualization&nbsp;\nBI reporting\n\n\n\n\n\n","protected":false},"excerpt":{"rendered":"","protected":false},"author":1,"featured_media":0,"parent":0,"menu_order":0,"comment_status":"closed","ping_status":"closed","template":"","meta":{"_siteseo_robots_primary_cat":"","pagelayer_contact_templates":{"fch3725":{"cont_subject":"Service Page Form","cont_header":"$name,$email,$business,$about","cont_use_html":"true"}},"_pagelayer_content":"","footnotes":""},"class_list":["post-40","page","type-page","status-publish","hentry"],"_links":{"self":[{"href":"https:\/\/pharox.pl\/wp3\/wp-json\/wp\/v2\/pages\/40","targetHints":{"allow":["GET"]}}],"collection":[{"href":"https:\/\/pharox.pl\/wp3\/wp-json\/wp\/v2\/pages"}],"about":[{"href":"https:\/\/pharox.pl\/wp3\/wp-json\/wp\/v2\/types\/page"}],"author":[{"embeddable":true,"href":"https:\/\/pharox.pl\/wp3\/wp-json\/wp\/v2\/users\/1"}],"replies":[{"embeddable":true,"href":"https:\/\/pharox.pl\/wp3\/wp-json\/wp\/v2\/comments?post=40"}],"version-history":[{"count":14,"href":"https:\/\/pharox.pl\/wp3\/wp-json\/wp\/v2\/pages\/40\/revisions"}],"predecessor-version":[{"id":112,"href":"https:\/\/pharox.pl\/wp3\/wp-json\/wp\/v2\/pages\/40\/revisions\/112"}],"wp:attachment":[{"href":"https:\/\/pharox.pl\/wp3\/wp-json\/wp\/v2\/media?parent=40"}],"curies":[{"name":"wp","href":"https:\/\/api.w.org\/{rel}","templated":true}]}}